 - 33. Let k(z) = 5*z**2 - 20*z + 35. Let u be k(2). Calculate x(u).
12
Let x be -5*(-3 - -4 - 8)/5. Let j(y) = y + 18. What is j(x)?
25
Suppose -10*s = -68 - 172. Suppose -2*t + n = s, 36 = -2*t - 2*t - 4*n. Let o = t - -14. Let r(u) = u**3 - 4*u**2 + 3*u + 1. What is r(o)?
1
Suppose 2*a - 8 = 2*v, -4*v + 12 = 4*a + 4. Let i(s) = 2*s - 1. Suppose 0 = 4*r - 4 + 12. Let d(p) = -p**2. Let n(o) = r*d(o) - i(o). Determine n(a).
13
Let k(h) = 2*h + 3384 - 3392 - h. Suppose -59*b + 793 = 2*b. What is k(b)?
5
Let d be 951/2*(-14)/(-21). Let x(f) = 5 + d*f**3 + 0*f**2 + 4*f**2 + 0*f + 3*f - 318*f**3. Give x(5).
-5
Let k(z) = 16*z**2 + 81 - 59*z**2 + 22*z**2 + 22*z**2 + 28*z. Give k(-25).
6
Let z be -1 - (-5 - 3/3). Let q(s) = s + 1 - s**2 - z + 1 + 4. Let g(a) = -a**3 + 7*a**2 + 9*a - 8. Let t be g(8). Give q(t).
1
Let x(j) be the second derivative of j**4/12 + 13*j**3/6 + 7*j**2 - 21*j. Let s(z) = -z**2 - 43*z + 647. Let g be s(-55). Calculate x(g).
14
Let h(k) = -k**3 - 7*k**2 + 7*k - 6. Let n be 2 - ((-306)/12)/(6/8). Let f = n + -28. Suppose -3*y = f + 16. What is h(y)?
2
Let g(v) = -5*v**3 + 41*v**2 + 6*v - 4. Let p(o) = -o**3 + 10*o**2 - o + 1. Let x(r) = -g(r) + 4*p(r). What is x(5)?
58
Let n(t) = -5*t**2 + t + 1. Let u be 3 + (12 - 2 - (4 + -5)*-8). What is n(u)?
-119
Let y(s) = -17 - 8*s + 9*s**2 + 9 + 23*s**3 - 24*s**3. What is y(7)?
34
Let z(i) = -4*i**2 + 2*i + 5. Let s(c) = -c**3 + 56*c**2 + 57*c - 2. Let q be s(57). Determine z(q).
-15
Let j(r) = -r**3 + 10*r**2 - 6*r - 12. Let b(m) = -m**2 + 22*m + 17. Let d be b(18). Let p(l) = d - 4*l - 33 - 3. Let v be p(11). What is j(v)?
15
Let u(p) = 2*p**3 - 6*p**2 + p - 1. Let h be (-15)/(6 + -11 - (1/(-1) - 1)). Determine u(h).
104
Let i = -1488 + 1493. Let u(s) be the third derivative of -1/60*s**i + 0*s - 7*s**2 - 1/24*s**4 + 0 + 1/6*s**3. Calculate u(0).
1
Let z(b) = -17*b - 20. Let g be z(-17). Let c = 277 - g. Let a(m) = m**2 - 10*m - 5. Calculate a(c).
-21
Let l(n) = 5 + n - 2*n + 0. Let g be (-1)/((-1)/(-2) + 55/(-66)). Suppose -15 = -5*m + g*s, -m + 7 = 2*s + 17. What is l(m)?
5
Let l(v) be the first derivative of -2*v**3/3 - 17*v**2/2 + 7*v - 716. What is l(7)?
-210
Let g(f) = 5. Let y(w) = -8*w + 10. Let l(c) = -5*c + 9. Let v(t) = -3*l(t) + 2*y(t). Let s(i) = 4*g(i) + 3*v(i). Calculate s(-7).
20
Let d(u) = -36559 - 36606 + 13*u**2 + 73205 + 16*u + u**3. What is d(-12)?
-8
Let r(b) = 66*b**2 + 4*b - 10. Let k be r(-3). Let w = -573 + k. Let a(g) = 18*g**2 + g + 1. Determine a(w).
18
Let b be 9/(-24) - (-1863)/552. Let w(z) be the second derivative of 16*z - 7/10*z**5 + 0*z**4 - 1/2*z**2 + 0 + 0*z**b. What is w(-1)?
13
Let w(t) = -6*t**2 - 622*t**3 + 1238*t**3 - 2*t**2 + 3*t + 13 - 617*t**3. Calculate w(-8).
-11
Let p(d) be the first derivative of d**3/3 - 2*d**2 + 3*d - 1. Suppose 422 = 80*c + 22. Determine p(c).
8
Suppose -16*z - 8219 + 8267 = 0. Let v(x) = x**3 - 3*x**2 + 8*x - 10. Calculate v(z).
14
Let c(a) = -5*a**2 + 5*a + 12. Let q(z) = -z**2 + 1. Suppose 5*b + 5*u + 30 = 0, 3*b + 18 = 3*u - u. Let t = 2 + b. Let o(k) = t*q(k) + c(k). Give o(6).
2
Suppose 1218 = -2*j + 1222. Let o(h) = 2 + 30*h**2 - 18*h**j - 1 + 3*h**3 - 2*h**3. Give o(-12).
1
Let n = -60 - -54. Let i(k) be the second derivative of -k**4/12 - 7*k**3/6 - 6*k**2 + 2*k - 42. Calculate i(n).
-6
Suppose 0 = -2*b - 23*b + 128 + 72. Let q(y) = -y**3 + 9*y**2 - 7*y - 6. Determine q(b).
2
Let r(a) = -a**3 + 20*a**2 + 45*a - 23. Let t = 10184 + -10162. Give r(t).
-1
Suppose 0 = d + 6*f - 2*f - 131, 2*d - 4*f = 238. Let s = -124 + d. Let a(u) = -2 - 5*u + 3 + 0. Calculate a(s).
6
Suppose 0 = -8*s - 64 + 80. Let p(l) = l + l - 118 + 113 + 3*l + l**s. Calculate p(-6).
1
Suppose -19*r - 70 + 1457 = 0. Let t(c) = -c**3 - r - 9*c**2 - 2*c + 85 + 5*c. Determine t(-9).
-15
Let i(h) be the second derivative of -h**3/6 - h**2/2 - 37705*h. Suppose -j - 35 = 4*j. Calculate i(j).
6
Let s = -115 + 103. Let q = 11 + s. Let k(x) = 6*x**3 + 25*x**2 + 0*x - 24*x**2 - x - 1. Determine k(q).
-5
Let i(k) = -k**2 - 7*k + 70. Suppose 11*j = 4*j + 477 - 561. Give i(j).
10
Suppose -3*c - 2 + 26 = 3*p, 4*p - 35 = -3*c. Let f(s) be the first derivative of -s**4/4 + 10*s**3/3 + 11*s**2/2 + 8*s - 718. Determine f(p).
8
Let f(l) = -l**3 - 4*l**2 - 3*l + 1. Let m(h) = -h**3 - 17*h**2 - 11*h + 9. Let x(j) = -3*f(j) + m(j). Calculate x(2).
-2
Let m(d) = -37*d**3 + 2*d - 1. Let r be m(1). Let o be (-27)/r - (35/4 + -2). Let v(c) = -c**3 - 5*c**2 + 2*c - 4. Determine v(o).
20
Suppose -6 + 2 = -4*s + q, 4*s = -2*q + 16. Let t(b) be the third derivative of b**3 + 1/24*b**4 + 1/12*b**5 + 0 - 11*b**s + 1/120*b**6 + 0*b. Calculate t(-5).
1
Let a(r) = 33*r + 1. Let c = 7431 + -7432. Determine a(c).
-32
Let h(z) = -8*z**2 + 3*z + 28. Let j(b) = -15*b**2 + 6*b + 49. Let m(f) = -7*h(f) + 4*j(f). Calculate m(4).
-52
Let h(n) = -22*n + 1. Let v(b) = 1 + 7 + 5 + 10*b + b**2 - 5. Let f be v(-9). Calculate h(f).
23
Let g = -1 + 4. Let r(k) = 5414*k + k**2 - 5411*k + 5 - 1 - 2*k**2. Determine r(g).
4
Suppose 0 = -10*o + 11*o - 2*l - 13, 5*o = -2*l + 17. Let x(m) = -2*m**2 + 7*m - 9. What is x(o)?
-24
Let f be 0 + 24/(-16) + (-34)/(-4). Suppose -f = 4*h - 23. Let n(v) = 4 - v**3 - 5*v + 4*v**2 + 3*v + 5*v - v**2. What is n(h)?
0
Let h = 0 + 1. Let d(b) be the first derivative of b**3 + b**2/2 - b - 1507. Give d(h).
3
Let s(r) = -26*r**3 - 10*r + 9. Let c(a) = 31*a**3 - a**2 + 11*a - 10. Let b(d) = -5*c(d) - 6*s(d). What is b(-3)?
-1
Let j = -26 - 24. Let k be (-4)/10 + (-220)/j. Let v be (k - 0) + (9 - 8). Let s(z) = -z**2 + 3*z + 6. What is s(v)?
-4
Let a(c) be the first derivative of 3*c**2 + 16*c + 1043. Give a(-9).
-38
Let k(i) = -13*i**2 - 1316*i + 1018. Let f be k(-102). Let s(m) be the third derivative of m**6/120 - m**5/15 - 5*m**4/24 - 2*m**3/3 + m**2. What is s(f)?
-18
Let c(z) = -z**3 + 3*z**2 + 6*z - 6. Suppose -57 = u - 54. Let x be u/5 + (320/(-50) - -11). Determine c(x).
2
Let v(m) be the second derivative of -m**4/2 - m**3/2 + 3*m + 14. Let j be v(1). Let o(x) = -2 - 9*x - x**2 - x - 4. Calculate o(j).
3
Let t(j) = 7*j + 16. Let b(l) = 7*l + 18. Let o(q) = -8*b(q) + 9*t(q). Give o(6).
42
Let y(w) = w + 8. Let p(v) = -4*v**2 - 25*v + 3. Let o be p(-7). Let g(m) = 2 + 3 - 5 - 1. Let u(k) = o*g(k) - 2*y(k). What is u(4)?
-6
Let j(u) = u + 5. Let n(o) = -2*o + 12. Let l be n(9). Let h be j(l). Let g(d) = -2*d - 31 - 28 - 8*d**2 + 3*d**3 + 83 - 25 + 6*d**2. Calculate g(h).
-4
Let l be 24/84 - (0 - 551/7). Let c = -135 + l. Let q be c/7*2/(-8). Let x(v) = 3*v. Determine x(q).
6
Let p(c) be the first derivative of -c**4/24 - 3*c**3/2 - c**2/2 - 10*c + 97. Let o(l) be the second derivative of p(l). Give o(-9).
0
Let r(z) = 2*z**3 - z**3 - 4 + 2*z - 9*z + 0*z**3 + 5*z**2. Suppose 4*a = 2*j + 114, -j + 2*a = 4*a + 41. Let m be ((-6)/(-7))/(7/j). Calculate r(m).
2
Let f = -12 - -16. Let n(g) be the first derivative of -79 - 5*g + 1/2*g**2. Determine n(f).
-1
Let a(n) be the first derivative of 11*n**2 - 236*n - 4953. Determine a(11).
6
Let d(n) = n**3 + 11*n**2 - 183*n + 17. Let z be d(9). Let j(x) = -x**3 - 7*x**2 + 32*x + 17. What is j(z)?
-3
Let t be (7 - (6 - 2) - 2) + 1. Let s(o) = 6*o - 4*o - t*o - 2*o + 2. Determine s(-3).
8
Let r(u) = -2*u + 2. Suppose -19*n = -4*n - 2760. Let y = -187 + n. Give r(y).
8
Let i(b) be the first derivative of -b**4/2 + b**2 + b + 1025. Calculate i(-1).
1
Let x(o) = 207473*o**2 - 14 - 103731*o**2 - 103740*o**2 - 9*o + o**3. Give x(-4).
-10
Let h = 6516 + -6522. Let g(t) be the second derivative of t**7/2520 + 7*t**6/720 + t**5/20 + t**4/12 + t. Let x(d) be the third derivative of g(d). Give x(h).
0
Let h be 6/(-39) + 8436/247. Let o be 10/110 + h/(-11). Let u(q) be the second derivative of -q**3/6 - q. Determine u(o).
3
Suppose -w + 5*m + 6 = 24, -2*w + m = 0. Let z(n) = -10 + 11*n - 17*n**2 - 22*n**2 + 69*n**w - 31*n**2. Determine z(11).
-10
Let i(x) = 2*x + 4. Let w(t) = -t**3 - t + 43. Let u be w(0). Let h(q) = q**2 + q + 7. Let j be h(6). Let g = u - j. What is i(g)?
-8
Let z(p) be the third derivative of -p**5/60 + p**4/12 - 3*p**3 - 34*p**2. Give z(0).
-18
Let a(l) = 4*l - 8. Suppose 102 = -9*j + 43*j. What is a(j)?
4
Suppose 5*h + 5*t + 35 = 0, 5*h + t + 28 = 3*t. Let d = 11 + h. Let u(j) be the third derivative of -